(c) = -3*c - 2. Let b(a) = -5*k(a) + 6*n(a). Let g = 201 + -199. Determine b(g).
-3
Let b(v) = -2*v**3 + 3*v**3 - 2*v**2 - 16*v**2 - 4*v**2 + 27*v**2 - 14*v + 2. Determine b(-7).
2
Let o be ((-32)/(-12) - 3)*-6. Let u(p) = 2*p**2 + 45*p**3 - o*p + 3 - 59*p**3 - 2. Determine u(1).
-13
Let j(i) = 10*i**2 + i. Let s(y) = -29*y**2 - 3*y. Let p(u) = 17*j(u) + 6*s(u). Suppose -5 + 5 = r. Suppose 4*m + 2*z + r*z = -4, -12 = 2*m - 4*z. What is p(m)?
-14
Let q(a) = a. Let r(b) = -b + 2. Let h be r(7). Calculate q(h).
-5
Let w(o) be the second derivative of -o**3/6 - o. Let a(l) = 52*l + 205. Let f be a(-4). Calculate w(f).
3
Let g(y) = y**2 + 11*y + 1. Let l(h) = -h**2 - 12*h. Let r(u) = -2*u**2 - 5*u + 22. Let q be r(-5). Let s(i) = q*g(i) - 2*l(i). Calculate s(-7).
11
Let l(v) be the second derivative of -v**8/6720 - v**7/420 - v**6/120 - v**5/20 + v**4/6 - 9*v**2 - v. Let h(c) be the third derivative of l(c). Give h(-4).
-14
Let g(u) = 14*u**3 + 2*u - 1. Let r be g(1). Let y be -5*(r/(-5))/3. Suppose 2*x = 3*l - 3*x - 16, 0 = y*l - 2*x + 5. Let a(j) = -2*j**2 - 3*j + 4. Give a(l).
-5
Let v(w) = w**3 + 4*w**2 - w - 3. Suppose 5*h = z + 18, -h - z + 2 = -4. Suppose 5*y + 0*b + 3 = h*b, 0 = 3*y + 5*b + 24. Give v(y).
9
Let j(v) = -11*v**3 + 0*v - 8 + 10*v**3 - 7*v**2 - 7*v. Let b(a) = -a**3 + 2*a**2 + 2*a. Let r be b(3). Let p = r - 3. Calculate j(p).
-2
Let f(v) = -v**3 - 4*v**2 + 3*v + 5. Let l = 15 + -15. Let x = l - -8. Suppose x = 4*t - 6*t. Calculate f(t).
-7
Let n(h) = -2*h**3 - 5*h**2 + 2*h - 1. Let i(z) = -4*z**3 - 9*z**2 + 3*z - 2. Let b(w) = 3*i(w) - 5*n(w). What is b(-3)?
38
Let q(k) = -k**2 + 12*k - 19. Suppose 0 = 15*a + 19 - 139. Determine q(a).
13
Let f(a) = -10 - 6*a + 12*a - 20 - 5*a. Determine f(0).
-30
Let d(r) = 6*r - 10. Let b(l) = 3*l**2 + 12*l + 17. Let x be b(-2). Give d(x).
20
Let x be (-1)/(1/((-6)/2)). Let w(q) be the first derivative of q**5/120 + q**4/8 - 4*q**3/3 - 8. Let m(o) be the third derivative of w(o). Calculate m(x).
6
Let z(d) be the first derivative of d**4/4 + d**3 - 5*d**2/2 - 4*d + 3. Let t be 5/(4*(-3)/(-48)). Suppose -5*h + t = -10*h. Calculate z(h).
0
Let a(z) be the third derivative of -z**5/60 - z**4/3 - z**3/3 - 698*z**2. Calculate a(-9).
-11
Suppose 0 = -0*c + 3*c - 24. Suppose -c = -f - f. Suppose -y + f*p = 1, 4*y + 33 = -p + 12. Let g(x) = -x - 11. Give g(y).
-6
Let z be (26/4)/(5/(-50)). Let s = z + 66. Let r(p) = 3*p**3 - p**2 - p + 1. What is r(s)?
2
Let i(k) = -6*k**2 + 9*k + k**3 + 7*k**2 - 9*k + 4 - 2*k. Give i(0).
4
Let m(d) = 5*d**2 + 5*d - 7. Let x(g) = -3*g**2 - 2*g + 3. Let q(c) = -3*m(c) - 7*x(c). Suppose 3*y = 3*a - 15, -3*a + 23*y + 7 = 22*y. Determine q(a).
5
Let i(r) = 8*r**2 + 2*r + 1. Suppose 651*q + 1 = 650*q. Determine i(q).
7
Let b be 1088/(-204) - (-7)/3. Let z(d) = -d - 3. Determine z(b).
0
Suppose 2*i - 2*x = x + 22, -2*x + 55 = 5*i. Let u(p) = 17*p**2 - 17*p - 3. Let a(v) = -6*v**2 + 6*v + 1. Let n(y) = i*a(y) + 4*u(y). Give n(-3).
23
Let w = 30 - 51. Let q = -16 - w. Suppose a = q*a. Let o(x) = x**3 + x**2 + x - 2. Give o(a).
-2
Let y(i) = -i - 7. Let t(d) = -d - 4. Let s be t(6). Let b = -25 + 29. Let z = b + s. Calculate y(z).
-1
Suppose -2*c = 3*c + 25. Let l(p) be the second derivative of -1/6*p**3 + p**2 + 0 + 3*p. Calculate l(c).
7
Let u(s) = -3*s. Let j(f) = 9*f**2 + 2*f + 8. Let x be j(0). Calculate u(x).
-24
Let h(r) = 7*r**2 + 3*r - 1. Suppose -92 = -72*j + 26*j. Give h(j).
33
Let d(m) = -94*m**2 + 36*m**2 + m + 30*m**2 + 27*m**2 - 2 + 12. Let t be (0 - (-1)/(-2))*-4. Suppose -5*k - 3 = 2*g + g, 0 = -t*k + 5*g + 5. Give d(k).
10
Let q(o) be the third derivative of -o**8/6720 + o**7/504 - o**6/240 + o**5/60 - o**4/3 - 4*o**2. Let g(n) be the second derivative of q(n). Give g(3).
11
Let z(m) be the second derivative of -m**3 + 0*m**2 + 1/120*m**5 + 0 + 1/4*m**4 - 3*m. Let a(o) be the second derivative of z(o). Calculate a(-6).
0
Let i(x) = -x**2 + 5*x + 5. Let p(g) = -g + 45. Let n be p(20). Let s be 0/2 - (-1 - 4). Let k be (-10)/n + 32/s. What is i(k)?
-1
Let q(t) = -2*t**3 - 4*t**2 - 6*t - 5. Let j(i) = -2*i**3 - 5*i**2 - 7*i - 6. Let z(b) = 4*j(b) - 5*q(b). Give z(-2).
-19
Let m(g) = 6*g + 29. Let a be m(-5). Let p(r) = -7*r**2 + 1. Give p(a).
-6
Let d(w) be the second derivative of w**3/6 - 7*w**2 - 31*w. Determine d(8).
-6
Suppose -50*g + 48*g + 48 = 0. Let d be 9/g*26 - 3/4. Let u(a) = a**2 - 11*a + 6. Give u(d).
-12
Let l(q) = 5*q. Let n(i) be the third derivative of i**5/20 + 5*i**4/12 + 5*i**3/3 + 3*i**2. Let d be n(-2). Determine l(d).
10
Let l(q) = q. Let y(n) = -n**3 - 5*n**2 - 5*n - 2. Let v be 1/(16/(-12) + 1). Let g be y(v). Determine l(g).
-5
Let x(z) be the third derivative of z**4/6 - z**2. Let h(r) = r - 7. Let i(v) = 8. Let n(j) = -7*h(j) - 6*i(j). Let d(w) = -3*n(w) - 5*x(w). Give d(-5).
-8
Let o(z) = z**2 - 6. Suppose -4*w - 2*f - 12 = 2*f, -4*w + 3*f = 33. Give o(w).
30
Let f = -9 + 7. Let v(w) be the first derivative of -w**2/2 - 4. Let n(l) = -3*l**2 - 8*l - 3. Let p(m) = n(m) - 4*v(m). Give p(f).
-7
Let z(c) = -2*c**3 - 4*c**2 + 10*c + 4. Let s(b) = 7*b**3 + 11*b**2 - 31*b - 13. Let v(d) = 3*s(d) + 10*z(d). What is v(5)?
-14
Let g = 26 + -134. Let u = -115 - g. Let d(r) = r**2 + 9*r + 8. What is d(u)?
-6
Let t(f) = -f**3 + f**2 + 2. Let h(k) = -2*k**3 - 3*k**2 + 4*k. Let u(o) = -h(o) + 3*t(o). Give u(4).
22
Suppose 2*h = -2 + 8. Suppose 0 = -3*u + 2*g - 7, 4*u + g = 5 + 4. Let x(o) = -3*o + 3*o - u + 5*o - 6*o. Give x(h).
-4
Let q(z) = 4*z - 3. Let k(d) = -d**2 - 6*d - 6. Let a be k(-2). Determine q(a).
5
Let j(x) = x + 1. Let s(h) = -4*h - 5. Let k(c) = 22*j(c) + 6*s(c). Let n be k(-5). Let r = n - 4. Let l(b) = -b**2 - 2*b - 1. What is l(r)?
-1
Suppose -2*p - 3 = 5*k, 4*k = p - 2 - 3. Let b(j) = 21*j + 5. Let u(z) = 136*z + 32. Let h(m) = 32*b(m) - 5*u(m). Determine h(p).
-8
Suppose 12 = -3*p - 6. Let l be 2*p*2/(-6). Let w(a) = -7 + 1 - 3*a + 5*a. Give w(l).
2
Let x(v) = -v**2 - 3*v + 4. Let o be x(-3). Let k = -18 + 20. Let h(g) = 3 - 3*g**3 - 5*g**k + 2*g + 4*g**3 + g. Give h(o).
-1
Let y(r) = -5*r - 1. Let b(n) = -n**3 - 22*n**2 - 55*n + 37. Let c be b(-19). Calculate y(c).
4
Let j(p) be the first derivative of p**7/840 - p**6/60 + 5*p**4/24 + 34*p**3/3 + 20. Let q(h) be the third derivative of j(h). Give q(6).
5
Let k = 0 - 1. Let y(g) = -g. Let v(q) = -3*q + 5*q + q + 0 - 3. Let s(f) = k*v(f) - 4*y(f). What is s(4)?
7
Let l(v) be the second derivative of v**5/20 - v**4/12 - v**3/6 + v**2/2 - 40*v. Let w be ((-18)/(-15))/(3/10). Let z = 5 - w. Give l(z).
0
Let f(u) = 2*u**2 - u - 3*u + 58 + u**3 - 55. Let k be f(-3). Let h(l) = 3*l - 6. Give h(k).
12
Let f = -4 + 8. Let x(c) = -536*c - 5 + 1 + 538*c. Determine x(f).
4
Let d(b) = -b**3 + b**2 - 2*b + 2*b**3 - b - 4*b**2. What is d(-2)?
-14
Let c(o) = 6*o**2 - 19*o + 21. Let s(p) = -p**2 - 1. Let z(t) = -c(t) - 4*s(t). Let l(k) = k**2 - 9*k + 8. Let y(u) = 7*l(u) + 3*z(u). Determine y(5).
0
Let x(h) = h + 7. Let l be x(-5). Suppose -3*d - 3 = -5*m + l*m, -2*m + 5*d = 4. Let b(k) = -m*k + 4*k - 1 + 6*k. What is b(2)?
13
Let z(s) = 5*s**3 - 3*s**2 + 5. Let y(u) = 3*u**3 - 2*u**2 + 3. Let g(f) = 8*y(f) - 5*z(f). Let i(o) = 24*o + 96. Let h be i(-4). What is g(h)?
-1
Let s(q) = -q**3 - 3*q**2 + 3*q. Let o(d) = d**2 + 6*d - 12. Let w be o(-5). Suppose -4*z + z + 42 = 0. Let a = z + w. Give s(a).
-9
Let n = 25 - 44. Let a(q) = -q**3 - 18*q**2 + 20*q + 21. Calculate a(n).
2
Let d(p) be the first derivative of -p**4/4 + 3*p**3 - 3*p**2 - 3*p + 454. Give d(8).
13
Let o be -5 + 2 - (305 - 1)/(-4). Let x = 68 - o. Let p(y) = -y**3 - 5*y**2 + 3*y - 1. Determine p(x).
-16
Let b(u) = u + 3. Let a be b(-1). Let l(s) = -8 - 5*s + 4 + 2*s**2 - s**a. Let w(d) = -d + 9. Let t be w(6). What is l(t)?
-10
Let m(k) = k**3 - 2*k**2 - k - 2. Let q = -7 - -11. Suppose 0 = -0*w - q*w + 28. Let s = w + -4. Give m(s).
4
Let z(i) = -3*i**3 - 14*i + 10*i**2 + 12*i**2 - 7*i**2 - 29. Let l(v) = -v**3 + 5*v**2 - 5*v - 10. Let a(u) = -8*l(u) + 3*z(u). Give a(5).
-17
Let t(q) = q**2 - 5*q. Let c(k) be the first derivative of k**2/2 + 16*k + 6. Let l be c(-12). Determine t(l).
-4
Let s(l) = -14*l + 4*l - 4 + 5*l + l**2. Suppose 0 = 6*w - w - 150. Let z be 5*4*9/w. What is s(z)?
2
Suppose 50 = 3*q + 2*q. Let b be (-2